?
False
Is 491 prime?
True
Is 1779691 a prime number?
True
Is 23599 composite?
False
Is 49081 a composite number?
False
Is 489103 prime?
False
Is 1135 composite?
True
Is 3593 prime?
True
Is 72097 a composite number?
True
Is 12763 a prime number?
True
Is 32659 composite?
True
Is 31826 a composite number?
True
Is 13643 prime?
False
Is 140881 composite?
True
Is 45379 a composite number?
True
Is 8461 a prime number?
True
Is 4721 composite?
False
Is 521857 composite?
True
Is 6269 composite?
False
Is 2396279 prime?
False
Is 892237 composite?
False
Is 3314 prime?
False
Is 422911 prime?
True
Is 228119 a composite number?
True
Is 1366 composite?
True
Is 3821377 composite?
True
Is 4583 a composite number?
False
Is 530567 composite?
False
Is 32203 a composite number?
False
Is 4742719 a prime number?
True
Is 95269 a composite number?
True
Is 15253 composite?
True
Is 23611 a composite number?
True
Is 482533 a composite number?
True
Is 4781 a composite number?
True
Is 947431 prime?
True
Is 2609 a prime number?
True
Is 2302 composite?
True
Is 11677 a composite number?
False
Is 160541 a prime number?
True
Is 76991 composite?
False
Is 20089 a prime number?
True
Is 16271 a prime number?
False
Is 1299071 a composite number?
True
Is 174927 a composite number?
True
Is 11073 composite?
True
Is 1621471 a composite number?
False
Is 7663 a prime number?
False
Is 12003 composite?
True
Is 18065 a composite number?
True
Is 15373 a prime number?
True
Is 476011 a composite number?
True
Is 112007 prime?
False
Is 47623 composite?
False
Is 5223 composite?
True
Is 3811 a composite number?
True
Is 1560953 composite?
False
Is 134581 a composite number?
False
Is 1391 a composite number?
True
Is 219259 a prime number?
False
Is 12655 composite?
True
Is 8551 a prime number?
False
Is 1151 a composite number?
False
Is 9901 a composite number?
False
Is 11359 a prime number?
False
Is 249167 a composite number?
True
Is 1139353 a composite number?
False
Is 85611 a composite number?
True
Is 485753 prime?
True
Is 332321 a composite number?
True
Is 14239 a composite number?
True
Is 41429 prime?
False
Is 74887 a prime number?
True
Is 131203 prime?
True
Is 3999871 a prime number?
True
Is 25667 composite?
False
Is 5923 a prime number?
True
Is 93117 a prime number?
False
Is 242458 composite?
True
Is 976669 a prime number?
True
Is 7981 composite?
True
Is 8247 a prime number?
False
Is 5039 a prime number?
True
Is 5839 a composite number?
False
Is 29467 a composite number?
True
Is 95369 a prime number?
True
Is 854083 prime?
True
Is 33505 a composite number?
True
Is 1393113 prime?
False
Is 1899523 a composite number?
False
Is 128143 prime?
False
Is 5167 composite?
False
Is 3109 prime?
True
Is 16565 prime?
False
Is 14023 a composite number?
True
Is 213587 composite?
True
Is 8521 prime?
True
Is 1006 prime?
False
Is 3229 prime?
True
Is 877 composite?
False
Is 11983 a prime number?
False
Is 40609 a composite number?
False
Is 843501 composite?
True
Is 68513 prime?
False
Is 40085 a prime number?
False
Is 8611 a composite number?
True
Is 1931 composite?
False
Is 110662 composite?
True
Is 1561349 a composite number?
False
Is 95311 composite?
False
Is 1027058 composite?
True
Is 42557 composite?
False
Is 4867 composite?
True
Is 385823 composite?
True
Is 202727 a composite number?
True
Is 24317 a composite number?
False
Is 8039 composite?
False
Is 96983 a composite number?
True
Is 1901 a composite number?
False
Is 231799 a prime number?
True
Is 961393 a composite number?
False
Is 7451 a composite number?
False
Is 172489 prime?
True
Is 7283 a composite number?
False
Is 79957 composite?
True
Is 528401 a composite number?
False
Is 104317 a prime number?
False
Is 255961 a composite number?
False
Is 50603 composite?
True
Is 84499 a prime number?
True
Is 15661 a prime number?
True
Is 54941 a prime number?
True
Is 123901 composite?
True
Is 3083 composite?
False
Is 12889 a composite number?
False
Is 7061 a composite number?
True
Is 8939 a prime number?
False
Is 2148215 a prime number?
False
Is 363911 a prime number?
True
Is 2214319 prime?
True
Is 35069 composite?
False
Is 1293821 composite?
False
Is 887 prime?
True
Is 69899 prime?
True
Is 226753 a prime number?
True
Is 1032095 a composite number?
True
Is 2554 composite?
True
Is 58585 a prime number?
False
Is 10111 a prime number?
True
Is 19961 a composite number?
False
Is 112543 a prime number?
True
Is 12049 prime?
True
Is 516083 a prime number?
False
Is 23447 a composite number?
False
Is 30739 composite?
True
Is 91207 prime?
False
Is 4285187 composite?
False
Is 1843 a prime number?
False
Is 3032177 composite?
False
Is 676021 a prime number?
False
Is 26177 a composite number?
False
Is 57471 a composite number?
True
Is 9953 prime?
False
Is 5813 a prime number?
True
Is 224413 a prime number?
False
Is 7246 composite?
True
Is 132817 composite?
False
Is 12391 a composite number?
False
Is 45667 a composite number?
False
Is 12791 a prime number?
True
Is 12443 prime?
False
Is 157587 composite?
True
Is 27449 composite?
False
Is 29839 a prime number?
False
Is 2179 a composite number?
False
Is 127439 a composite number?
True
Is 4373 a prime number?
True
Is 372263 composite?
False
Is 186357 a prime number?
False
Is 12867 a prime number?
False
Is 1326441 composite?
True
Is 2719 a prime number?
True
Is 4493 a composite number?
False
Is 788651 a prime number?
True
Is 100267 a composite number?
False
Is 2117 prime?
False
Is 883999 composite?
True
Is 18599 prime?
False
Is 133979 composite?
False
Is 752809 a prime number?
True
Is 2013931 prime?
False
Is 216371 composite?
False
Is 6469 a prime number?
True
Is 136393 prime?
True
Is 157249 a prime number?
False
Is 1061 a prime number?
True
Is 69799 prime?
False
Is 172553 prime?
True
Is 13963 a prime number?
True
Is 546707 a prime number?
False
Is 35797 composite?
False
Is 87481 prime?
True
Is 817 a composite number?
True
Is 1051247 a prime number?
True
Is 1183393 a prime number?
True
Is 303967 prime?
False
Is 883703 prime?
True
Is 31007 composite?
True
Is 668303 composite?
False
Is 8689 prime?
True
Is 3877 composite?
False
Is 66377 composite?
False
Is 8907 a prime number?
False
Is 1040929 a composite number?
False
Is 36871 a prime number?
True
Is 24359 a composite number?
False
Is 11821 prime?
True
Is 13327 prime?
True
Is 382397 a prime number?
False
Is 159779 prime?
True
Is 23683 a prime number?
False
Is 174409 composite?
True
Is 1114 prime?
False
Is 3347 a prime number?
True
Is 14051 a composite number?
False
Is 5497 a composite number?
True
Is 11863 composite?
False
Is 90854 a composite number?
True
Is 87437 a prime number?
False
Is 17273 a composite number?
True
Is 17291 a prime number?
True
Is 2053777 a prime number?
False
Is 22531 composite?
False
Is 1015403 a prime number?
True
Is 71479 a prime number?
True
Is 260569 composite?
False
Is 722219 a composite number?
True
Is 3299 a prime number?
True
Is 107233 a composite number?
True
Is 13863 prime?
False
Is 1563 a composite number?
True
Is 11035 composite?
True
Is 57311 a prime number?
False
Is 17291 composite?
False
Is 119373 composite?
True
Is 124337 composite?
False
Is 11773 composite?
True
Is 1628893 a composite number?
True
Is 1391 prime?
False
Is 1211 a composite number?
True
Is 1003 prime?
False
Is 236771 a composite number?
False
Is 1889 a composite number?
False
Is 2719 prime?
True
Is 337397 a prime number?
True
Is 3943 a composite number?
False
Is 9133 a prime number?
True
Is 25945 composite?
True
Is 19657 composite?
True
Is 245501 a composite number?
False
Is 38105 composite?
True
Is 7235 composite?
True
Is 110641 composite?
False
Is 80989 a prime number?
True
Is 4583 a prime number?
True
Is 5923 a composite number?
False
Is 4063 prime?
False
Is 40423 composite?
False
Is 82883 a prime number?
True
Is 33447 composite?
True
Is 64105 prime?
False
Is 355633 prime?
True
Is 146815 a composite number?
True
Is 1294721 prime?
True
Is 740581 prime?
True
Is 166469 a composite number?
True
Is 92465 prime?
False
Is 1361 composite?
False
Is 373735 a prime number?
False
Is 403133 a prime number?
True
Is 189031 a prime number?
False
Is 21977 a composite number?
False
Is 18691 prime?
True
Is 28099 prime?
True
Is 4391 a composite number?
False
Is 856963 prime?
False
Is 165031 prime?
Fa